28) - 6)/(1/(-14)). Determine a(g).
-10
Let v(a) = a**3 + 3*a**2 - a - 1. Let o be v(-2). Let g(f) = -5*f - 5. Let h(w) = -14*w - 14. Let y(m) = 17*g(m) - 6*h(m). Determine y(o).
-6
Let k(m) = -2*m**2 + 3*m - 1. Suppose -5*b - 3*h = 0, -2*b - h - 9 = 2*h. Let z = 0 + 8. Suppose -b*n - n = -z. What is k(n)?
-3
Let v(t) be the second derivative of t**4/12 - 5*t**3/3 - 7*t**2/2 + 306*t. Let c(a) = 3*a**2 + a + 1. Let d be c(-2). What is v(d)?
4
Let z(g) = 4*g + 1 + 0*g - 30491*g**2 + 30497*g**2. What is z(3)?
67
Let f(z) = z**3 + 8*z**2 + 5. Let x be -7 + -5*(-10)/(-50). What is f(x)?
5
Let c(j) = 1 + 18*j**2 + 4*j - 4*j**2 - 3 - 12*j**2. Calculate c(4).
46
Let c = 1088 + -1090. Let r(k) = -2*k**3 - 3*k**2 - 2*k + 1. Determine r(c).
9
Let a(b) = 55*b - 1. Let v = 634 - 633. Determine a(v).
54
Let q(t) be the second derivative of -4*t + 0*t**2 + 0 - 1/6*t**3. Let f be q(-2). Let z(d) = 3*d. Calculate z(f).
6
Suppose 0*v + 5*k - 31 = -v, -4*k = 0. Let l = 27 - v. Let t(j) = 2*j**2 + 6*j + 6. What is t(l)?
14
Let j(w) be the second derivative of -w**2 + 1/6*w**3 - 3*w + 0. Calculate j(0).
-2
Suppose 228 = 4*p + 44. Let d = p + -28. Let o = -16 + d. Let h(w) = -6*w - 1. Calculate h(o).
-13
Let o(n) = -321 + 81 + 81 + n + 89 + 81. What is o(-9)?
2
Let k(u) = u**2 - 10*u + 16. Let b be k(8). Let n(l) = -l**2 - 5*l. Let i(y) = -y**2 - 4*y - 1. Let m(g) = -5*i(g) + 4*n(g). Determine m(b).
5
Suppose -5*z + 38 = 4*x, 3*z - x - 24 = -4*x. Suppose -z*n = -7*n + 2. Let r(i) = 5*i**2 - n*i**3 + 11*i - 12*i - 3*i**2. Determine r(1).
-1
Let f = 135 - 131. Let w(z) = z**2 - 4*z - 3. Calculate w(f).
-3
Let u = -1349 - -1362. Let r(h) = h**3 - 13*h**2 + 5. Calculate r(u).
5
Suppose -219 = -49*r + 222. Let m(h) = -h - 7. What is m(r)?
-16
Let g(l) be the third derivative of -l**7/2520 + 7*l**6/720 - l**5/40 - l**4 + 25*l**2. Let k(w) be the second derivative of g(w). Calculate k(5).
7
Let w(c) = -61 - 58 + 193 - 76 + 3*c. Suppose 2 = 4*h - 3*u + 1, -2*h = 2*u - 18. What is w(h)?
10
Let d = 0 + 3. Let k = -2 + d. Let t(p) be the third derivative of p**6/10 - p**3/6 - p**2 - 25*p - 74. What is t(k)?
11
Let x(u) = -8*u - 85. Let y be x(-10). Let o(s) = -3*s - 9. Give o(y).
6
Suppose 308 = 23*d + 5*d. Let w(s) = -s**2 + 10*s. Determine w(d).
-11
Suppose 3*h = 4*t + 50, -t = h + 2 + 7. Let b(y) = 2*y**2 + 21*y - 19. Determine b(t).
-8
Let v = -20 - 27. Let w = v - -45. Let z(d) = 4*d + 2. What is z(w)?
-6
Suppose 3*y + 0*p - 9 = -p, 0 = -y - 4*p + 3. Let d(v) be the first derivative of -v**4/4 + v**3/3 + v**2/2 - 3*v - 79. Determine d(y).
-18
Let t(f) = f**2 + 8*f - 11. Let x = 0 - 8. What is t(x)?
-11
Let p(t) be the second derivative of -4*t**2 - 1/12*t**4 - 10*t + 4/3*t**3 + 0. What is p(6)?
4
Let l(d) = 496 - 6*d - 251 - 241. Give l(-5).
34
Let s(x) be the first derivative of -x**7/840 + x**6/90 + x**5/30 + 5*x**4/24 + 14*x**3/3 + 9. Let n(l) be the third derivative of s(l). What is n(5)?
0
Let o(d) = -1 + 44*d**2 - 70*d**2 + 40*d**2 - d. Give o(-1).
14
Let x be 2 + (-49 - (-8)/4). Let m = -44 - x. Let k(o) = 0 + 4 - 3 + 3*o. What is k(m)?
4
Let x(o) be the second derivative of o**5/20 - 5*o**4/12 + o**3/6 - o**2 + 4*o. Suppose 5*z - 15 - 5 = 0. Give x(z).
-14
Let q(p) = -p**2 - 3*p + 12. Suppose -a + 10 = -6*a - 4*m, 2*m - 16 = a. Let c be q(a). Let f(i) = 2*i**2 + 3*i**2 + 6 + i**3 + i**2. What is f(c)?
6
Let u = 12 - -8. Suppose -5*a + a = -u. Let n(t) = 0*t**3 + t**3 + 3*t + 3 + 5*t**2 - a. Calculate n(-3).
7
Suppose -95 = 4*b - 5*b - s, 4*b - 5*s - 425 = 0. Let z(d) = 4 + d**2 - 2 - 102*d**3 + b*d**3 - d. Calculate z(2).
-12
Let j(f) be the third derivative of -f**5/20 - f**4/24 - 17*f**3/6 - 9*f**2. Let a(l) be the first derivative of j(l). Determine a(-2).
11
Let v(u) = 2*u - 15. Let j be v(12). Let x(w) = -2*w + 20. Let m be x(j). Suppose f + 3 = -m*f. Let h(o) = -3*o**2 - 1. What is h(f)?
-4
Suppose 0 = -32*d + 26*d + 750. Let s = d + -126. Let o(x) = -9*x**2 + x. Give o(s).
-10
Suppose -5*b - 4*j = -15, -5*b + 2*j = 8 + 7. Let o(r) = 39*r**3 - r**2 - r. Give o(b).
-39
Let q(c) = -2*c**2 - 11*c - 2. Let p(b) = 5*b**2 + 32*b + 7. Let h(f) = 3*p(f) + 8*q(f). Give h(9).
-4
Suppose 0 = -2*l - 5 + 21. Let c(h) = -25 + 60438*h + 17 - 60444*h + h**2. What is c(l)?
8
Let j(k) be the third derivative of 0 + 1/6*k**3 + 3*k**2 + 0*k - 1/3*k**4 + 1/60*k**5. What is j(7)?
-6
Let c(p) be the first derivative of -p**4/4 - p**3/3 + p**2/2 - 2*p + 134. Give c(-2).
0
Let y(j) = 3*j**2 - 15*j + 16. Let u(a) = 13*a**2 - 62*a + 62. Let f(l) = -2*u(l) + 9*y(l). What is f(6)?
-10
Let a(q) = -q + 3. Let c be (-5 - (-14 + 7)) + -2 + 8. Calculate a(c).
-5
Let i be ((-7)/7)/(-2*(-3)/(-12)). Let u(q) = q**3 + q**3 + 1072*q + i*q**2 - 1069*q. What is u(-2)?
-14
Let z(k) = 20*k + 38. Let h(a) = -4*a - 5. Let w(x) = -11*h(x) - 2*z(x). What is w(9)?
15
Let g be (-15)/10*26/(-1). Let x = 141 + -99. Let l(s) = -4*s**2 + 6*s - x - 3*s + g - s**3. Calculate l(-5).
7
Suppose 1 = -d - 0*d. Let v(y) be the first derivative of -5*y**3/3 - y**2/2 - y + 84. What is v(d)?
-5
Let j(q) = 4*q + 2. Let h be 0 + (0 - 3 - (-4 + 6)). Calculate j(h).
-18
Let p(c) = c**3 - 5*c**2 + 2*c + 5. Let w be 8/60 + (1 - (-43)/15). Give p(w).
-3
Let q be (-13)/(-52) - (-50)/(-8). Let a be (-30)/(-9) + 2/q*1. Let u(l) = -l - 2. Calculate u(a).
-5
Let f be ((-72)/(-60))/((-3)/(-10)). Let j(i) = i**3 - 4*i**2 + i + 4. Determine j(f).
8
Let o(i) = 7 - 140*i + 73*i + 66*i. Give o(5).
2
Let n(h) be the second derivative of -2*h**2 - 11*h + 0 - 1/2*h**3. Determine n(-3).
5
Suppose -v + 7*v = 108. Let d(s) = -s + 22. Determine d(v).
4
Let f(j) = 15*j**3 + 14*j**2 - 31*j - 5. Let m be (-4)/(-8)*-13*(0 + 2). Let y(l) = -7*l**3 - 7*l**2 + 15*l + 3. Let r(s) = m*y(s) - 6*f(s). What is r(-8)?
-1
Suppose 0*j = -5*j - 70. Let k = j + 17. Let t(b) = -b**3 + 3*b**2 - 3. Determine t(k).
-3
Let h(o) = 14*o - 97 - o**3 - 16*o + 3*o**2 + 98 - o**3. Let u(f) = -2*f + 2*f - 2 - f. Let g be u(-4). Calculate h(g).
-7
Let f(y) = -4*y**2 - 4*y - 3. Let i = 5 - 14. Let m be i + -3*4/(-3). Let g(w) = -5*w**2 - 4*w - 2. Let l(x) = m*g(x) + 6*f(x). Calculate l(6).
4
Let f(i) = -6*i**3 - 14*i**2 - 12*i + 16. Let x(m) = -5*m**3 - 13*m**2 - 13*m + 15. Let b(g) = -4*f(g) + 5*x(g). Calculate b(-6).
5
Let z(j) = j**2 - 6*j + 2 + 3*j**2 - 6 + j**3 + 1. Suppose -19*u = -23*u - 20. What is z(u)?
2
Let q(n) = 3*n + 5. Suppose -6*z + 10*z = 20. Give q(z).
20
Let n(z) = z - 23. Let w(j) = -j**2 - 22*j - 42. Let y be w(-19). What is n(y)?
-8
Let y(z) = -z**3 + 10*z**2 - 9*z + 11. Let f(u) = -2*u**3 + 21*u**2 - 18*u + 23. Suppose -2*p + 7 = -3. Let i(r) = p*y(r) - 2*f(r). Calculate i(7).
-5
Let w(x) = 0 - 72*x - 12 + 147*x - 7 - 77*x. What is w(-5)?
-9
Let g(a) = a**2 + a - 1. Let k be g(-2). Let c(w) = 22*w - 14. Let m(l) = -7*l + 5. Suppose -15*u - 4 = -14*u. Let o(d) = u*c(d) - 11*m(d). What is o(k)?
-10
Let c be (-2)/8 - (-2)/8. Let u(p) be the second derivative of -3*p**2 + 30 - 1/6*p**3 - p. Give u(c).
-6
Let f(r) = 11*r**2 - 18*r + 16. Let d(l) = -5*l**2 + 9*l - 8. Let v(t) = 9*d(t) + 4*f(t). Suppose -i = -6*i - 95. Let h = -12 - i. What is v(h)?
6
Let c(f) be the first derivative of 12*f - 6 + 1/2*f**2. Calculate c(-8).
4
Let r(h) be the third derivative of 15*h**2 + 5/24*h**4 + 0*h - 1/60*h**5 + 0 + 7/6*h**3. Give r(5).
7
Let r(m) = -9*m**2 - m + 2. Let t(o) = -o**3 + 5*o**2 + 7*o - 8. Let j be t(6). What is r(j)?
-32
Let u(z) = -z**3 - z**2 + z - 18. Let k = 28 + -24. Suppose 5*v = -k*v. Give u(v).
-18
Let m(y) = -5*y**2 + y - 1. Let x(o) = -6*o**2 + 2*o - 2. Let a(n) = -5*m(n) + 4*x(n). What is a(-3)?
-3
Let p be 17 - (-42)/(-6) - 28/4. Let r(d) = -2*d**3 + 3*d**2 + 7*d. What is r(p)?
-6
Let q(s) = 4*s - 3. Let f(c) be the third derivative of -5/6*c**4 + 0 + 9*c**2 + 0*c + 7/3*c**3. Let t(l) = -6*f(l) - 28*q(l). Give t(1).
8
Let d(f) = -f**3 + 5*f**2 - 4*f + 4. Suppose 4 = g, -3*g = -4*a - 4*g + 60. Let r be 3/2 - (-35)/a. What is d(r)?
4
Suppose 4*d = 6*q - 2*q, 4 = -3*d + 2*q. Let y(n) = n**2 - n + 1. Let i(l) = 3*l**2 - 9*l + 1. Let f(c) = d*y(c) + i(c). Determine f(-4).
1
Let i be -6*((-2)/6 + 1). Let b = -54 - -56. Let c(u) = 7*u**2 - 18*u + 6 - 6*u**b + 21*u. Calculate c(i).
10
Let l(n) be the third derivative of -n**6/120 + n**4/8 - n**3/2 